{"id":771,"date":"2026-03-27T18:02:05","date_gmt":"2026-03-27T18:02:05","guid":{"rendered":"https:\/\/ssalud.chia-cundinamarca.gov.co\/?page_id=771"},"modified":"2026-03-27T18:05:56","modified_gmt":"2026-03-27T18:05:56","slug":"enfermedades-transmisibles","status":"publish","type":"page","link":"https:\/\/ssalud.chia-cundinamarca.gov.co\/index.php\/enfermedades-transmisibles\/","title":{"rendered":"ENFERMEDADES TRANSMISIBLES"},"content":{"rendered":"\t\t<div data-elementor-type=\"wp-page\" data-elementor-id=\"771\" class=\"elementor elementor-771\" data-elementor-post-type=\"page\">\n\t\t\t\t<div class=\"elementor-element elementor-element-9296a56 e-flex e-con-boxed e-con e-parent\" data-id=\"9296a56\" data-element_type=\"container\" data-e-type=\"container\">\n\t\t\t\t\t<div class=\"e-con-inner\">\n\t\t<div class=\"elementor-element elementor-element-4131600 e-con-full e-flex e-con e-child\" data-id=\"4131600\" data-element_type=\"container\" data-e-type=\"container\">\n\t\t\t\t<div class=\"elementor-element elementor-element-fe865d1 elementor-headline--style-highlight elementor-widget elementor-widget-animated-headline\" data-id=\"fe865d1\" data-element_type=\"widget\" data-e-type=\"widget\" data-settings=\"{&quot;marker&quot;:&quot;underline&quot;,&quot;highlighted_text&quot;:&quot;TRANSMISIBLES&quot;,&quot;headline_style&quot;:&quot;highlight&quot;,&quot;loop&quot;:&quot;yes&quot;,&quot;highlight_animation_duration&quot;:1200,&quot;highlight_iteration_delay&quot;:8000}\" data-widget_type=\"animated-headline.default\">\n\t\t\t\t\t\t\t<h3 class=\"elementor-headline\">\n\t\t\t\t\t<span class=\"elementor-headline-plain-text elementor-headline-text-wrapper\">ENFERMEDADES <\/span>\n\t\t\t\t<span class=\"elementor-headline-dynamic-wrapper elementor-headline-text-wrapper\">\n\t\t\t\t\t<span class=\"elementor-headline-dynamic-text elementor-headline-text-active\">TRANSMISIBLES<\/span>\n\t\t\t\t<\/span>\n\t\t\t\t<\/h3>\n\t\t\t\t\t\t<\/div>\n\t\t\t\t<\/div>\n\t\t<div class=\"elementor-element elementor-element-6cb44e7 e-con-full e-flex e-con e-child\" data-id=\"6cb44e7\" data-element_type=\"container\" data-e-type=\"container\">\n\t\t\t\t<div class=\"elementor-element elementor-element-ed56120 elementor-widget elementor-widget-image\" data-id=\"ed56120\" data-element_type=\"widget\" data-e-type=\"widget\" data-widget_type=\"image.default\">\n\t\t\t\t\t\t\t\t\t\t\t\t\t\t\t<img decoding=\"async\" src=\"https:\/\/ssalud.chia-cundinamarca.gov.co\/wp-content\/plugins\/elementor\/assets\/images\/placeholder.png\" title=\"\" alt=\"\" loading=\"lazy\" \/>\t\t\t\t\t\t\t\t\t\t\t\t\t\t\t<\/div>\n\t\t\t\t<\/div>\n\t\t<div class=\"elementor-element elementor-element-48c86db e-con-full e-flex e-con e-child\" data-id=\"48c86db\" data-element_type=\"container\" data-e-type=\"container\">\n\t\t\t\t<div class=\"elementor-element elementor-element-6cf1dd3 elementor-widget elementor-widget-text-editor\" data-id=\"6cf1dd3\" data-element_type=\"widget\" data-e-type=\"widget\" data-widget_type=\"text-editor.default\">\n\t\t\t\t\t\t\t\t\t<p>Desde la\u00a0<strong>Dimensi\u00f3n de Enfermedades Transmisibles<\/strong>, hemos realizado\u00a0visitas directas a sus hogares para trabajar juntos en la prevenci\u00f3n de enfermedades como la Tuberculosis, virus de MPOX y otras. En estos encuentros de\u00a0<strong>Informaci\u00f3n, Educaci\u00f3n y Comunicaci\u00f3n (IEC)<\/strong>, no solo revisamos el entorno para eliminar riesgos, sino que les brindamos herramientas pr\u00e1cticas para que cada familia sepa c\u00f3mo protegerse. Nuestro objetivo es que la comunidad sea la primera l\u00ednea de defensa, aprendiendo a identificar s\u00edntomas a tiempo y fortaleciendo h\u00e1bitos de higiene y vacunaci\u00f3n.<\/p><p>\u00a0<\/p>\t\t\t\t\t\t\t\t<\/div>\n\t\t\t\t<\/div>\n\t\t<div class=\"elementor-element elementor-element-e705aad e-con-full e-flex e-con e-child\" data-id=\"e705aad\" data-element_type=\"container\" data-e-type=\"container\">\n\t\t\t\t<div class=\"elementor-element elementor-element-9c37172 elementor-widget elementor-widget-text-editor\" data-id=\"9c37172\" data-element_type=\"widget\" data-e-type=\"widget\" data-widget_type=\"text-editor.default\">\n\t\t\t\t\t\t\t\t\t<p>Asimismo, hemos fortalecido la atenci\u00f3n de salud mediante\u00a0<strong>asistencias t\u00e9cnicas a las IPS<\/strong>. Trabajamos mano a mano con el personal m\u00e9dico para asegurar que los protocolos de diagn\u00f3stico y tratamiento sean r\u00e1pidos y efectivos, garantizando que los medicamentos y suministros est\u00e9n siempre disponibles para ustedes. Al unir la educaci\u00f3n en casa con la mejora de los servicios en los centros de salud, consolidamos una red de protecci\u00f3n s\u00f3lida que cuida el bienestar de todos los habitantes frente a las enfermedades infecciosas.<\/p>\t\t\t\t\t\t\t\t<\/div>\n\t\t\t\t<\/div>\n\t\t\t\t\t<\/div>\n\t\t\t\t<\/div>\n\t\t\t\t<\/div>\n\t\t","protected":false},"excerpt":{"rendered":"<p>ENFERMEDADES TRANSMISIBLES Desde la\u00a0Dimensi\u00f3n de Enfermedades Transmisibles, hemos realizado\u00a0visitas directas a sus hogares para trabajar juntos en la prevenci\u00f3n de enfermedades como la Tuberculosis, virus de MPOX y otras. En estos encuentros de\u00a0Informaci\u00f3n, Educaci\u00f3n y Comunicaci\u00f3n (IEC), no solo revisamos el entorno para eliminar riesgos, sino que les brindamos herramientas pr\u00e1cticas para que cada familia [&hellip;]<\/p>\n","protected":false},"author":1,"featured_media":0,"parent":0,"menu_order":0,"comment_status":"closed","ping_status":"closed","template":"","meta":{"footnotes":""},"class_list":["post-771","page","type-page","status-publish","hentry"],"_links":{"self":[{"href":"https:\/\/ssalud.chia-cundinamarca.gov.co\/index.php\/wp-json\/wp\/v2\/pages\/771","targetHints":{"allow":["GET"]}}],"collection":[{"href":"https:\/\/ssalud.chia-cundinamarca.gov.co\/index.php\/wp-json\/wp\/v2\/pages"}],"about":[{"href":"https:\/\/ssalud.chia-cundinamarca.gov.co\/index.php\/wp-json\/wp\/v2\/types\/page"}],"author":[{"embeddable":true,"href":"https:\/\/ssalud.chia-cundinamarca.gov.co\/index.php\/wp-json\/wp\/v2\/users\/1"}],"replies":[{"embeddable":true,"href":"https:\/\/ssalud.chia-cundinamarca.gov.co\/index.php\/wp-json\/wp\/v2\/comments?post=771"}],"version-history":[{"count":7,"href":"https:\/\/ssalud.chia-cundinamarca.gov.co\/index.php\/wp-json\/wp\/v2\/pages\/771\/revisions"}],"predecessor-version":[{"id":778,"href":"https:\/\/ssalud.chia-cundinamarca.gov.co\/index.php\/wp-json\/wp\/v2\/pages\/771\/revisions\/778"}],"wp:attachment":[{"href":"https:\/\/ssalud.chia-cundinamarca.gov.co\/index.php\/wp-json\/wp\/v2\/media?parent=771"}],"curies":[{"name":"wp","href":"https:\/\/api.w.org\/{rel}","templated":true}]}}