{"id":706,"date":"2026-03-12T16:56:13","date_gmt":"2026-03-12T16:56:13","guid":{"rendered":"https:\/\/ssalud.chia-cundinamarca.gov.co\/?page_id=706"},"modified":"2026-04-13T19:12:42","modified_gmt":"2026-04-13T19:12:42","slug":"salud-nutricional","status":"publish","type":"page","link":"https:\/\/ssalud.chia-cundinamarca.gov.co\/index.php\/salud-nutricional\/","title":{"rendered":"SALUD NUTRICIONAL"},"content":{"rendered":"\t\t<div data-elementor-type=\"wp-page\" data-elementor-id=\"706\" class=\"elementor elementor-706\" data-elementor-post-type=\"page\">\n\t\t\t\t<div class=\"elementor-element elementor-element-9a0a679 e-flex e-con-boxed e-con e-parent\" data-id=\"9a0a679\" data-element_type=\"container\" data-e-type=\"container\">\n\t\t\t\t\t<div class=\"e-con-inner\">\n\t\t<div class=\"elementor-element elementor-element-3198658 e-con-full e-flex e-con e-child\" data-id=\"3198658\" data-element_type=\"container\" data-e-type=\"container\">\n\t\t\t\t<div class=\"elementor-element elementor-element-b9ce425 elementor-headline--style-highlight elementor-widget elementor-widget-animated-headline\" data-id=\"b9ce425\" data-element_type=\"widget\" data-e-type=\"widget\" data-settings=\"{&quot;marker&quot;:&quot;underline&quot;,&quot;highlighted_text&quot;:&quot;NUTRICIONAL&quot;,&quot;highlight_animation_duration&quot;:3000,&quot;headline_style&quot;:&quot;highlight&quot;}\" data-widget_type=\"animated-headline.default\">\n\t\t\t\t\t\t\t<h3 class=\"elementor-headline\">\n\t\t\t\t\t<span class=\"elementor-headline-plain-text elementor-headline-text-wrapper\">SALUD<\/span>\n\t\t\t\t<span class=\"elementor-headline-dynamic-wrapper elementor-headline-text-wrapper\">\n\t\t\t\t\t<span class=\"elementor-headline-dynamic-text elementor-headline-text-active\">NUTRICIONAL<\/span>\n\t\t\t\t<\/span>\n\t\t\t\t<\/h3>\n\t\t\t\t\t\t<\/div>\n\t\t\t\t<\/div>\n\t\t<div class=\"elementor-element elementor-element-15288da e-con-full e-flex e-con e-child\" data-id=\"15288da\" data-element_type=\"container\" data-e-type=\"container\">\n\t\t\t\t<div class=\"elementor-element elementor-element-89b6107 elementor-widget elementor-widget-text-editor\" data-id=\"89b6107\" data-element_type=\"widget\" data-e-type=\"widget\" data-widget_type=\"text-editor.default\">\n\t\t\t\t\t\t\t\t\t<p>En la Secretar\u00eda de Salud del Municipio de Ch\u00eda, desde Nutrici\u00f3n en Gesti\u00f3n de la Salud P\u00fablica, trabajamos cada d\u00eda para que la alimentaci\u00f3n digna y adecuada sea un derecho para toda la comunidad. Creemos que una nutrici\u00f3n saludable es la base de un futuro lleno de oportunidades, y nos comprometemos a que ni\u00f1os, ni\u00f1as, gestantes y familias reciban la atenci\u00f3n nutricional que requieren.<\/p><p>Protegemos la vida desde el primer momento, realizando seguimiento a bajo peso al nacer, desnutrici\u00f3n aguda en menores de 5 a\u00f1os y malnutrici\u00f3n en gestantes, y acompa\u00f1amos a las Instituciones Prestadoras de Salud para fortalecer su capacidad de atenci\u00f3n. Promovemos entornos que faciliten decisiones saludables para toda la comunidad, especialmente en los espacios donde crecen y aprenden nuestros ni\u00f1os, ni\u00f1as y adolescentes. A trav\u00e9s de estrategias como Entornos Alimentarios Saludables Escolares, trabajamos para que las instituciones educativas se conviertan en lugares donde la alimentaci\u00f3n nutritiva, el bienestar y los h\u00e1bitos de vida saludables se vivan d\u00eda a d\u00eda, formando desde temprana edad una cultura de cuidado y prevenci\u00f3n que beneficia a toda la familia y al municipio en general.<\/p><p>Impulsamos la lactancia materna, ese acto de amor que fortalece la salud de los beb\u00e9s y sus familias, a trav\u00e9s de estrategias como Instituciones Amigas de la Mujer y la Infancia Integral (IAMII) y Salas Amigas de la Familia Lactante (SAFL), y trabajamos para fortalecer los programas de Seguridad Alimentaria y Nutricional del municipio, participando en la formulaci\u00f3n de pol\u00edticas p\u00fablicas que garanticen el derecho humano a la alimentaci\u00f3n.<\/p><p>Cada acci\u00f3n nutricional, cada espacio saludable y cada esfuerzo por proteger la nutrici\u00f3n son oportunidades para crecer, aprender y so\u00f1ar juntos, construyendo un futuro m\u00e1s justo, saludable y lleno de posibilidades para todos.<\/p>\t\t\t\t\t\t\t\t<\/div>\n\t\t\t\t<\/div>\n\t\t<div class=\"elementor-element elementor-element-712231e e-con-full e-flex e-con e-child\" data-id=\"712231e\" data-element_type=\"container\" data-e-type=\"container\">\n\t\t\t\t<div class=\"elementor-element elementor-element-0ca084e elementor-widget elementor-widget-image\" data-id=\"0ca084e\" data-element_type=\"widget\" data-e-type=\"widget\" data-widget_type=\"image.default\">\n\t\t\t\t\t\t\t\t\t\t\t\t\t\t\t<img decoding=\"async\" src=\"https:\/\/ssalud.chia-cundinamarca.gov.co\/wp-content\/plugins\/elementor\/assets\/images\/placeholder.png\" title=\"\" alt=\"\" loading=\"lazy\" \/>\t\t\t\t\t\t\t\t\t\t\t\t\t\t\t<\/div>\n\t\t\t\t<div class=\"elementor-element elementor-element-da20add elementor-widget elementor-widget-image\" data-id=\"da20add\" data-element_type=\"widget\" data-e-type=\"widget\" data-widget_type=\"image.default\">\n\t\t\t\t\t\t\t\t\t\t\t\t\t\t\t<img decoding=\"async\" src=\"https:\/\/ssalud.chia-cundinamarca.gov.co\/wp-content\/plugins\/elementor\/assets\/images\/placeholder.png\" title=\"\" alt=\"\" loading=\"lazy\" \/>\t\t\t\t\t\t\t\t\t\t\t\t\t\t\t<\/div>\n\t\t\t\t<\/div>\n\t\t\t\t\t<\/div>\n\t\t\t\t<\/div>\n\t\t<div class=\"elementor-element elementor-element-1647d24 e-flex e-con-boxed e-con e-parent\" data-id=\"1647d24\" data-element_type=\"container\" data-e-type=\"container\">\n\t\t\t\t\t<div class=\"e-con-inner\">\n\t\t\t\t<div class=\"elementor-element elementor-element-10019a9 elementor-widget elementor-widget-text-editor\" data-id=\"10019a9\" data-element_type=\"widget\" data-e-type=\"widget\" data-widget_type=\"text-editor.default\">\n\t\t\t\t\t\t\t\t\t<p>Imagen sugerida 1<\/p><ul><li>Primer plano de una madre amamantando a su beb\u00e9, transmitiendo cuidado, v\u00ednculo afectivo y nutrici\u00f3n desde los primeros d\u00edas de vida.<\/li><li>Al fondo, familias participando en un huerto comunitario o escolar, sembrando o recolectando frutas y verduras frescas, con ni\u00f1os y adultos interactuando.<\/li><li>Luz natural, colores c\u00e1lidos y vivos que transmitan bienestar, salud y esperanza.<\/li><\/ul><p>Imagen sugerida 2<\/p><ul><li>Primer Plano Ni\u00f1os en actividad educativa sobre alimentaci\u00f3n saludable<\/li><li>Aula o espacio exterior donde ni\u00f1os observan o manipulan frutas, verduras o carteles educativos sobre nutrici\u00f3n.<\/li><li>Colores vivos, gr\u00e1ficos y materiales did\u00e1cticos visibles.<\/li><\/ul><p>Imagen sugerida 3<\/p><ul><li>Primer plano: Una nutricionista o profesional de salud revisando el peso de un ni\u00f1o peque\u00f1o o midiendo el per\u00edmetro braquial (MUAC o cinta m\u00e9trica) en el hogar.<\/li><li>Segundo plano: La familia (madre, padre o cuidadores) observando y participando, mostrando apoyo y aprendizaje.<\/li><\/ul>\t\t\t\t\t\t\t\t<\/div>\n\t\t\t\t\t<\/div>\n\t\t\t\t<\/div>\n\t\t\t\t<\/div>\n\t\t","protected":false},"excerpt":{"rendered":"<p>SALUD NUTRICIONAL En la Secretar\u00eda de Salud del Municipio de Ch\u00eda, desde Nutrici\u00f3n en Gesti\u00f3n de la Salud P\u00fablica, trabajamos cada d\u00eda para que la alimentaci\u00f3n digna y adecuada sea un derecho para toda la comunidad. Creemos que una nutrici\u00f3n saludable es la base de un futuro lleno de oportunidades, y nos comprometemos a que [&hellip;]<\/p>\n","protected":false},"author":1,"featured_media":0,"parent":0,"menu_order":0,"comment_status":"closed","ping_status":"closed","template":"","meta":{"footnotes":""},"class_list":["post-706","page","type-page","status-publish","hentry"],"_links":{"self":[{"href":"https:\/\/ssalud.chia-cundinamarca.gov.co\/index.php\/wp-json\/wp\/v2\/pages\/706","targetHints":{"allow":["GET"]}}],"collection":[{"href":"https:\/\/ssalud.chia-cundinamarca.gov.co\/index.php\/wp-json\/wp\/v2\/pages"}],"about":[{"href":"https:\/\/ssalud.chia-cundinamarca.gov.co\/index.php\/wp-json\/wp\/v2\/types\/page"}],"author":[{"embeddable":true,"href":"https:\/\/ssalud.chia-cundinamarca.gov.co\/index.php\/wp-json\/wp\/v2\/users\/1"}],"replies":[{"embeddable":true,"href":"https:\/\/ssalud.chia-cundinamarca.gov.co\/index.php\/wp-json\/wp\/v2\/comments?post=706"}],"version-history":[{"count":13,"href":"https:\/\/ssalud.chia-cundinamarca.gov.co\/index.php\/wp-json\/wp\/v2\/pages\/706\/revisions"}],"predecessor-version":[{"id":784,"href":"https:\/\/ssalud.chia-cundinamarca.gov.co\/index.php\/wp-json\/wp\/v2\/pages\/706\/revisions\/784"}],"wp:attachment":[{"href":"https:\/\/ssalud.chia-cundinamarca.gov.co\/index.php\/wp-json\/wp\/v2\/media?parent=706"}],"curies":[{"name":"wp","href":"https:\/\/api.w.org\/{rel}","templated":true}]}}